it of 166027?
6
What is the units digit of 1060?
0
What is the ten thousands digit of 65327?
6
What is the hundreds digit of 4091?
0
What is the tens digit of 23?
2
What is the tens digit of 61718?
1
What is the tens digit of 4329?
2
What is the ten thousands digit of 50773?
5
What is the units digit of 1736?
6
What is the ten thousands digit of 36272?
3
What is the ten thousands digit of 56489?
5
What is the tens digit of 996?
9
What is the thousands digit of 1356?
1
What is the units digit of 274?
4
What is the thousands digit of 18384?
8
What is the units digit of 120607?
7
What is the units digit of 459?
9
What is the hundreds digit of 37553?
5
What is the units digit of 7577?
7
What is the units digit of 493?
3
What is the thousands digit of 4514?
4
What is the thousands digit of 104534?
4
What is the thousands digit of 2509?
2
What is the hundreds digit of 869?
8
What is the units digit of 2194?
4
What is the thousands digit of 2946?
2
What is the units digit of 28057?
7
What is the thousands digit of 10237?
0
What is the hundreds digit of 663?
6
What is the thousands digit of 102233?
2
What is the hundreds digit of 23866?
8
What is the hundreds digit of 673?
6
What is the units digit of 1382?
2
What is the thousands digit of 131477?
1
What is the thousands digit of 2247?
2
What is the hundreds digit of 7337?
3
What is the ten thousands digit of 140415?
4
What is the thousands digit of 30669?
0
What is the tens digit of 815?
1
What is the ten thousands digit of 24561?
2
What is the tens digit of 616?
1
What is the thousands digit of 5616?
5
What is the ten thousands digit of 67366?
6
What is the thousands digit of 4346?
4
What is the thousands digit of 5072?
5
What is the units digit of 2606?
6
What is the tens digit of 855?
5
What is the thousands digit of 6182?
6
What is the thousands digit of 88625?
8
What is the hundreds digit of 12072?
0
What is the units digit of 390?
0
What is the units digit of 144352?
2
What is the ten thousands digit of 24965?
2
What is the ten thousands digit of 21893?
2
What is the hundreds digit of 79961?
9
What is the units digit of 31670?
0
What is the units digit of 4052?
2
What is the hundreds digit of 6254?
2
What is the tens digit of 958?
5
What is the units digit of 266?
6
What is the units digit of 3643?
3
What is the hundreds digit of 40618?
6
What is the hundreds digit of 5433?
4
What is the tens digit of 85000?
0
What is the units digit of 253?
3
What is the thousands digit of 2117?
2
What is the hundreds digit of 22206?
2
What is the units digit of 18326?
6
What is the units digit of 2668?
8
What is the hundreds digit of 2155?
1
What is the hundreds digit of 989?
9
What is the thousands digit of 4573?
4
What is the hundreds digit of 1392?
3
What is the hundreds digit of 9961?
9
What is the ten thousands digit of 21658?
2
What is the hundreds digit of 504?
5
What is the units digit of 4417?
7
What is the units digit of 43705?
5
What is the tens digit of 946?
4
What is the tens digit of 44465?
6
What is the tens digit of 17652?
5
What is the tens digit of 247?
4
What is the ten thousands digit of 11807?
1
What is the units digit of 1069?
9
What is the units digit of 52891?
1
What is the hundreds digit of 1286?
2
What is the units digit of 245?
5
What is the hundreds digit of 775?
7
What is the tens digit of 39422?
2
What is the units digit of 33477?
7
What is the hundreds digit of 9447?
4
What is the units digit of 913?
3
What is the thousands digit of 11935?
1
What is the ten thousands digit of 84891?
8
What is the thousands digit of 4261?
4
What is the hundreds digit of 70833?
8
What is the hundred thousands digit of 141187?
1
What is the tens digit of 1665?
6
What is the hundreds digit of 5473?
4
What is the thousands digit of 6586?
6
What is the tens digit of 465?
6
What is the units digit of 153?
3
What is the units digit of 769?
9
What is the hundreds digit of 953?
9
What is the hundreds digit of 28154?
1
What is the hundreds digit of 1960?
9
What is the units digit of 7162?
2
What is the hundreds digit of 1966?
9
What is the tens digit of 4324?
2
What is the units digit of 2217?
7
What is the hundreds digit of 15382?
3
What is the units digit of 1559?
9
What is the units digit of 90589?
9
What is the ten thousands digit of 25293?
2
What is the hundreds digit of 116152?
1
What is the thousands digit of 6576?
6
What is the units digit of 4239?
9
What is the units digit of 154?
4
What is the tens digit of 7981?
8
What is the units digit of 749?
9
What is the tens digit of 4483?
8
What is the units digit of 4043?
3
What is the units digit of 186?
6
What is the tens digit of 773?
7
What is the units digit of 358?
8
What is the units digit of 508?
8
What is the hundreds digit of 5904?
9
What is the ten thousands digit of 14349?
1
What is the units digit of 1157?
7
What is the units digit of 28697?
7
What is the units digit of 12335?
5
What is the hundreds digit of 25845?
8
What is the hundreds digit of 10034?
0
What is the hundreds digit of 31837?
8
What is the hundreds digit of 1369?
3
What is the thousands digit of 15740?
5
What is the thousands digit of 1709?
1
What is the thousands digit of 120097?
0
What is the thousands digit of 31180?
1
What is the thousands digit of 5456?
5
What is the units digit of 1584?
4
What is the hundreds digit of 1035?
0
What is the hundreds digit of 766?
7
What is the hundreds digit of 1081?
0
What is the ten thousands digit of 43853?
4
What is the tens digit of 786?
8
What is the units digit of 35200?
0
What is the thousands digit of 2227?
2
What is the hundreds digit of 626?
6
What is the hundreds digit of 249?
2
What is the hundreds digit of 320?
3
What is the units digit of 1038?
8
What is the tens digit of 4017?
1
What is the ten thousands digit of 35486?
3
What is the thousands digit of 4286?
4
What is the tens digit of 201?
0
What is the units digit of 7467?
7
What is the units digit of 747?
7
What is the thousands digit of 61234?
1
What is the thousands digit of 4503?
4
What is the tens digit of 4784?
8
What is the ten thousands digit of 98406?
9
What is the tens digit of 6435?
3
What is the thousands digit of 1052?
1
What is the hundreds digit of 4024?
0
What is the thousands digit of 21956?
1
What is the thousands digit of 3394?
3
What is the ten thousands digit of 34022?
3
What is the tens digit of 3822?
2
What is the tens digit of 605?
0
What is the hundreds digit of 19149?
1
What is the hundreds digit of 416?
4
What is the tens digit of 2016?
1
What is the units digit of 11059?
9
What is the thousands digit of 6457?
6
What is the units digit of 10282?
2
What is the thousands digit of 2728?
2
What is the hundreds digit of 510?
5
What is the hundreds digit of 22804?
8
What is the tens digit of 4163?
6
What is the hundreds digit of 42589?
5
What is the hundreds digit of 497?
4
What is the hundreds digit of 748?
7
What is the tens digit of 6029?
2
What is the hundred thousands digit of 142679?
1
What is the thousands digit of 33172?
3
What is the hundreds digit of 446?
4
What is the hundreds digit of 2127?
1
What is the units digit of 672?
2
What is the thousands digit of 97247?
7
What is the tens digit of 6234?
3
What is the thousands digit of 6095?
6
What is the units digit of 6773?
3
What is the units digit of 3689?
9
What is the hundred thousands digit of 103902?
1
What is the tens digit of 1945?
4
What is the units digit of 203?
3
What is the hundreds digit of 510?
5
What is the hundreds digit of 17155?
1
What is the tens digit of 28825?
2
What is the hundreds digit of 1044?
0
What is the thousands digit of 1981?
1
What is the hundreds digit of 2322?
3
What is the thousands digit of 9813?
9
What is the tens digit of 49739?
3
What is the thousands digit of 4300?
4
What is the hundreds digit of 1544?
5
What is the tens digit of 1326?
2
What is the ten thousands digit of 12214?
1
What is the hundreds digit of 3584?
5
What is the units digit of 129236?
6
What is the ten thousands digit of 104801?
0
What is the hundreds digit of 980?
9
What is the thousands digit of 6128?
6
What is the units digit of 1003?
3
What is the units digit of 3133?
3
What is the units digit of 479?
9
What is the units digit of 628?
8
What is the hundreds digit of 970?
9
What